 10931208.
2, 3, 563, 809
List the prime factors of 38960.
2, 5, 487
List the prime factors of 942779.
942779
List the prime factors of 120651.
3, 131, 307
What are the prime factors of 72960?
2, 3, 5, 19
What are the prime factors of 251463?
3, 109, 769
What are the prime factors of 828327?
3, 29, 9521
List the prime factors of 3077294.
2, 11, 137, 1021
What are the prime factors of 1732210?
2, 5, 83, 2087
List the prime factors of 22471258.
2, 53, 239, 887
List the prime factors of 376648.
2, 23, 89
What are the prime factors of 13081021?
401, 32621
List the prime factors of 507630.
2, 3, 5, 16921
List the prime factors of 1705414.
2, 109, 7823
List the prime factors of 297936.
2, 3, 2069
What are the prime factors of 3250644?
2, 3, 41, 6607
List the prime factors of 339168.
2, 3, 3533
List the prime factors of 24277082.
2, 12138541
What are the prime factors of 4758507?
3, 13, 4519
What are the prime factors of 246330?
2, 3, 5, 7, 17, 23
List the prime factors of 1409652.
2, 3, 39157
List the prime factors of 576233.
7, 263, 313
List the prime factors of 756213.
3, 83, 3037
What are the prime factors of 2500125?
3, 5, 59, 113
List the prime factors of 31561410.
2, 3, 5, 31, 33937
What are the prime factors of 1425569?
17, 83857
What are the prime factors of 419756?
2, 101, 1039
What are the prime factors of 136273?
136273
List the prime factors of 44200.
2, 5, 13, 17
What are the prime factors of 37089904?
2, 2318119
List the prime factors of 5604071.
11, 673, 757
What are the prime factors of 13450006?
2, 353, 19051
What are the prime factors of 279763?
11, 29, 877
List the prime factors of 238450.
2, 5, 19, 251
What are the prime factors of 19898914?
2, 7, 1421351
List the prime factors of 159818.
2, 41, 1949
List the prime factors of 13707473.
13, 71, 14851
What are the prime factors of 21709491?
3, 37, 195581
List the prime factors of 62781.
3, 17, 1231
What are the prime factors of 993093?
3, 331031
What are the prime factors of 673683?
3, 19, 53, 223
What are the prime factors of 9148?
2, 2287
List the prime factors of 1913909.
31, 107, 577
What are the prime factors of 1825427?
199, 9173
List the prime factors of 48448.
2, 757
What are the prime factors of 11537157?
3, 29, 132611
What are the prime factors of 6961993?
17, 409529
What are the prime factors of 2451507?
3, 817169
List the prime factors of 9519512.
2, 43, 27673
What are the prime factors of 20203731?
3, 2244859
What are the prime factors of 10878555?
3, 5, 17, 37, 1153
What are the prime factors of 15906599?
103, 389, 397
What are the prime factors of 5246452?
2, 37, 35449
What are the prime factors of 16443762?
2, 3, 37, 74071
What are the prime factors of 416337?
3, 107, 1297
What are the prime factors of 2994074?
2, 17, 107, 823
List the prime factors of 8691623.
8691623
List the prime factors of 622186.
2, 47, 6619
List the prime factors of 2683968.
2, 3, 7, 1997
List the prime factors of 808901.
179, 4519
What are the prime factors of 182862?
2, 3, 10159
What are the prime factors of 2153043?
3, 31, 7717
What are the prime factors of 784325?
5, 137, 229
List the prime factors of 63693.
3, 7, 337
List the prime factors of 1703105.
5, 103, 3307
What are the prime factors of 21980338?
2, 10990169
What are the prime factors of 690568?
2, 37, 2333
List the prime factors of 652013.
347, 1879
What are the prime factors of 19083677?
67, 284831
What are the prime factors of 167944?
2, 7, 2999
What are the prime factors of 22287197?
22287197
What are the prime factors of 252200?
2, 5, 13, 97
List the prime factors of 1200449.
1200449
What are the prime factors of 1629399?
3, 17, 43, 743
What are the prime factors of 3293842?
2, 1646921
List the prime factors of 12424125.
3, 5, 7, 4733
List the prime factors of 6824174.
2, 7, 17, 53, 541
What are the prime factors of 10419074?
2, 5209537
What are the prime factors of 217561?
217561
What are the prime factors of 209843?
223, 941
List the prime factors of 1432269.
3, 53047
List the prime factors of 2115916.
2, 11, 19, 2531
What are the prime factors of 1650241?
17, 97073
What are the prime factors of 1996382?
2, 421, 2371
List the prime factors of 15394495.
5, 3078899
What are the prime factors of 951297?
3, 31, 53, 193
What are the prime factors of 3201688?
2, 7, 57173
List the prime factors of 467008.
2, 7297
What are the prime factors of 100949?
29, 59
What are the prime factors of 13368132?
2, 3, 41, 3019
What are the prime factors of 398378?
2, 17, 11717
What are the prime factors of 120875?
5, 967
What are the prime factors of 36267?
3, 7, 11, 157
What are the prime factors of 1094099?
1094099
List the prime factors of 205734.
2, 3, 17, 2017
What are the prime factors of 1779031?
41, 43391
List the prime factors of 1538674.
2, 359, 2143
What are the prime factors of 4005089?
11, 89, 4091
List the prime factors of 1368564.
2, 3, 59, 1933
What are the prime factors of 171846?
2, 3, 9547
What are the prime factors of 2473932?
2, 3, 29, 7109
What are the prime factors of 100015?
5, 83, 241
What are the prime factors of 5828936?
2, 23, 79, 401
List the prime factors of 561937.
31, 18127
What are the prime factors of 316493?
316493
List the prime factors of 914329.
13, 61, 1153
List the prime factors of 14115.
3, 5, 941
List the prime factors of 638384.
2, 17, 2347
What are the prime factors of 26087853?
3, 11, 59, 13399
What are the prime factors of 167706?
2, 3, 7, 11
List the prime factors of 380481.
3, 126827
List the prime factors of 407335.
5, 41, 1987
List the prime factors of 20078925.
3, 5, 267719
List the prime factors of 21120704.
2, 11, 19, 1579
What are the prime factors of 102693?
3, 34231
List the prime factors of 891778.
2, 47, 53, 179
List the prime factors of 6441411.
3, 2147137
List the prime factors of 882001.
107, 8243
List the prime factors of 838202.
2, 17, 89, 277
List the prime factors of 454471.
37, 71, 173
List the prime factors of 1055811.
3, 19, 18523
List the prime factors of 287738.
2, 11, 29, 41
What are the prime factors of 242893?
7, 4957
List the prime factors of 19953455.
5, 73, 54667
List the prime factors of 249770.
2, 5, 24977
List the prime factors of 599433.
3, 199811
What are the prime factors of 1339697?
163, 8219
List the prime factors of 521441.
17, 37, 829
What are the prime factors of 320675?
5, 101, 127
List the prime factors of 1673425.
5, 13, 19, 271
List the prime factors of 1473998.
2, 809, 911
List the prime factors of 206636.
2, 51659
List the prime factors of 377236.
2, 94309
List the prime factors of 7861537.
101, 277, 281
List the prime factors of 193880.
2, 5, 37, 131
What are the prime factors of 666801?
3, 43, 1723
List the prime factors of 358332.
2, 3, 13, 2297
List the prime factors of 832421.
832421
List the prime factors of 363172.
2, 90793
List the prime factors of 1201684.
2, 11, 31, 881
List the prime factors of 4636874.
2, 11, 19, 11093
List the prime factors of 1735.
5, 347
What are the prime factors of 5023629?
3, 13, 42937
List the prime factors of 563711.
19, 29669
List the prime factors of 3143.
7, 449
What are the prime factors of 13362102?
2, 3, 13, 17, 3359
List the prime factors of 336860.
2, 5, 16843
What are the prime factors of 48201?
3, 16067
What are the prime factors of 60550?
2, 5, 7, 173
What are the prime factors of 372284?
2, 11, 8461
List the prime factors of 206800.
2, 5, 11, 47
What are the prime factors of 5676369?
3, 1892123
List the prime factors of 332494.
2, 166247
What are the prime factors of 23792847?
3, 13, 29, 109, 193
List the prime factors of 11556965.
5, 7, 330199
What are the prime factors of 5806237?
5806237
What are the prime factors of 94036?
2, 23509
What are the prime factors of 351358?
2, 7, 25097
What are the prime factors of 524121?
3, 13, 89, 151
What are the prime factors of 2489971?
11, 41, 5521
List the prime factors of 1297939.
31, 149, 281
List the prime factors of 703808.
2, 7, 1571
What are the prime factors of 636256?
2, 59, 337
List the prime factors of 3305977.
947, 3491
What are the prime factors of 7595687?
11, 19, 36343
What are the prime factors of 639987?
3, 213329
List the prime factors of 949602.
2, 3, 101, 1567
What are the prime factors of 1528521?
3, 17, 41, 43
List the prime factors of 12441